se 6, what is 111045 + -122354?
-11305
In base 8, what is -317 - 2523620?
-2524137
In base 4, what is 200310220 - -213232?
201130112
In base 12, what is -7142553 + 4?
-714254b
In base 12, what is 1511169 - 2?
1511167
In base 2, what is 101100101 + -1111010111001110010?
-1111010110100001101
In base 12, what is -3 + -1b1a3275?
-1b1a3278
In base 15, what is -9 + -3927ac?
-3927b6
In base 13, what is 70448 + 28?
70473
In base 6, what is -3554230031 - -4?
-3554230023
In base 6, what is -2314 + -22000424?
-22003142
In base 8, what is 2305 + 222350?
224655
In base 6, what is -100 - -254243554?
254243454
In base 16, what is -3 + -463f375?
-463f378
In base 8, what is 1232 + 33064?
34316
In base 11, what is 2725 + 12854?
15479
In base 7, what is 53406466235 + 2?
53406466240
In base 11, what is 1 - 3164a15?
-3164a14
In base 8, what is 12 - 574511?
-574477
In base 11, what is 39 + 4a363?
4a3a1
In base 11, what is 1148728 - -a?
1148737
In base 3, what is 11110011 + 21?
11110102
In base 6, what is -514232 - 255?
-514531
In base 6, what is 3024 + 20121?
23145
In base 11, what is -68042 - 439?
-68480
In base 12, what is 8504 - -55?
8559
In base 12, what is -373a740 + 5?
-373a737
In base 14, what is 10680c + 4db?
106d09
In base 12, what is 18 + 3b251?
3b269
In base 11, what is 20859 + -1939?
19a20
In base 10, what is -2347814 + 5?
-2347809
In base 5, what is -10134414 - -41?
-10134323
In base 10, what is -77268 - -10?
-77258
In base 7, what is 11 - -551604?
551615
In base 7, what is -2 - 10326404401?
-10326404403
In base 8, what is 30 - -7352374?
7352424
In base 6, what is 12011004 + -150?
12010414
In base 12, what is -15 + -2929bb?
-292a14
In base 15, what is -1b859d + 1ce?
-1b83be
In base 8, what is -5 - -2326112?
2326105
In base 15, what is dc4a + -2820?
b42a
In base 11, what is 58980 - -a?
5898a
In base 15, what is 12ebc - 0?
12ebc
In base 16, what is 12 + -55a8c5?
-55a8b3
In base 16, what is 25c8b7 - -13?
25c8ca
In base 15, what is 58 + 5701e4?
57024c
In base 16, what is 8 + -dcfe?
-dcf6
In base 12, what is 100069 - -2?
10006b
In base 15, what is 9030e - 1c8?
90136
In base 11, what is 90918003 - 3?
90918000
In base 11, what is -2a83131 + 5?
-2a83127
In base 6, what is -5 + -132321350?
-132321355
In base 11, what is -26 - -443438?
443412
In base 11, what is 82a8838 + -4?
82a8834
In base 13, what is 5 + 110c30a?
110c312
In base 9, what is -784820 - 0?
-784820
In base 2, what is 111000111000001110100010 + -1?
111000111000001110100001
In base 10, what is -102 + 903266?
903164
In base 15, what is -1c6 + 2e280?
2e0a9
In base 14, what is 4a07 - -d72?
5979
In base 11, what is 7286758 + -4?
7286754
In base 2, what is -111000000110010100101101011 - 1?
-111000000110010100101101100
In base 8, what is 6 - -644661320?
644661326
In base 6, what is 2150353241 + 0?
2150353241
In base 12, what is -5 - -51b320?
51b317
In base 11, what is -35762 - -2a0?
-35472
In base 15, what is -4 - -eda2b?
eda27
In base 4, what is -203300133012 - 22?
-203300133100
In base 12, what is -47165 - 747?
-478b0
In base 13, what is -82 - 56c7c?
-57031
In base 8, what is 3164 + 3464?
6650
In base 5, what is -1434104330 - 144?
-1434110024
In base 15, what is -4825a6c + 4?
-4825a68
In base 8, what is 323 - 143577?
-143254
In base 9, what is -6828 - -540?
-6278
In base 15, what is -4 + -1d458892?
-1d458896
In base 9, what is -885478274 - -1?
-885478273
In base 14, what is -129 + 56d25?
56bda
In base 3, what is 111 - -22210221212021?
22210221212202
In base 16, what is -8c45b4a - 2?
-8c45b4c
In base 7, what is -62313533 + 220?
-62313313
In base 3, what is -2 - -22022220102212?
22022220102210
In base 5, what is -133100303442 + 3?
-133100303434
In base 5, what is 4240301 + -222?
4240024
In base 12, what is 2 + 55b4b00?
55b4b02
In base 8, what is -5 + -531006651?
-531006656
In base 7, what is -13562 + -3614?
-20506
In base 2, what is 100010111000001100 + -100101010?
100010110011100010
In base 14, what is 2 + -38dcc?
-38dca
In base 16, what is 1 - -eb93ff?
eb9400
In base 5, what is -1331021034 - 10?
-1331021044
In base 12, what is 1738903 - -5?
1738908
In base 4, what is -1122 - 11203210?
-11210332
In base 15, what is 2d5a03dc - -2?
2d5a03de
In base 13, what is 901 - -6a96?
7697
In base 4, what is 0 - 1023120202103?
-1023120202103
In base 13, what is -112 + a46c7?
a45b5
In base 6, what is -130 - -134342044?
134341514
In base 4, what is 102220 + 122231?
231111
In base 14, what is 1c302 - -369?
1c66b
In base 5, what is -2410412042 - -1?
-2410412041
In base 11, what is 3 - -a42?
a45
In base 10, what is -17058 + 1558?
-15500
In base 12, what is -7530 - 6168?
-11698
In base 4, what is 1120 - -1121201?
1122321
In base 12, what is 72 - -813063?
813115
In base 8, what is 2535 + 13543?
16300
In base 8, what is 10 - -13740133?
13740143
In base 12, what is 258862 - -26?
258888
In base 6, what is 232330 - 2131?
230155
In base 13, what is b1a - -638?
1455
In base 15, what is -6b0dd18 + -1?
-6b0dd19
In base 8, what is -40 + 5232401?
5232341
In base 16, what is 6 - -4771fb6?
4771fbc
In base 13, what is -56739 - 99?
-56805
In base 9, what is 72417 - -216?
72634
In base 14, what is -5 - 2613d7a?
-2613d81
In base 9, what is 55372825 - -3?
55372828
In base 13, what is 1 + -600938c?
-600938b
In base 6, what is -121553 + -343510?
-505503
In base 14, what is -1 + -94dd6c?
-94dd6d
In base 6, what is 2225 + 404231?
410500
In base 13, what is b - a89997a?
-a89996c
In base 3, what is 22012011220200 - -1?
22012011220201
In base 6, what is 2012 - 201503?
-155451
In base 8, what is 23 + 1757117?
1757142
In base 9, what is 5 + 8300545?
8300551
In base 6, what is 335 + -1425224?
-1424445
In base 14, what is 4b8d9 + -421?
4b4b8
In base 6, what is 314 - -4245034?
4245352
In base 16, what is -4 - 5b8876e?
-5b88772
In base 6, what is 23434 + 14201?
42035
In base 16, what is 4 - 97707c?
-977078
In base 3, what is -2 + 1222222012210211?
1222222012210202
In base 3, what is 11 - 1101100121211011?
-1101100121211000
In base 13, what is a8328 + 12c?
a8457
In base 16, what is 9 - -242b40?
242b49
In base 7, what is -5455 + 523130?
514342
In base 12, what is 18a3 - 663a8?
-64705
In base 7, what is -4524244 - -22?
-4524222
In base 2, what is 1 + 1001110100000101111010100?
1001110100000101111010101
In base 9, what is 217627412 + -5?
217627406
In base 12, what is -2a9b + -104?
-2ba3
In base 16, what is 5 - 13cb7d1?
-13cb7cc
In base 6, what is -1135 - -21325321?
21324142
In base 3, what is 12022011220000 + -101?
12022011212122
In base 9, what is -15 - 862535?
-862551
In base 9, what is 14258 + -5800?
7358
In base 12, what is -22a + -5316b?
-53399
In base 8, what is -33 + -12315050?
-12315103
In base 12, what is 8016 - -4420?
10436
In base 16, what is 17010 + 1b4?
171c4
In base 6, what is -13423 + 345202?
331335
In base 2, what is 101100001100110000 + 1001000?
101100001101111000
In base 13, what is -700a5502 + 0?
-700a5502
In base 9, what is -837 + 121815?
120867
In base 10, what is 9 - 12109288?
-12109279
In base 15, what is -219a + 117?
-2083
In base 13, what is 1a5 - 2b59?
-2984
In base 6, what is 130 + -123123430?
-123123300
In base 7, what is -10 + -5213011?
-5213021
In base 13, what is 6 - 130570?
-130567
In base 7, what is 526203 + -506?
525364
In base 3, what is -22202212222120100 - 1?
-22202212222120101
In base 8, what is 30 + 107063213?
107063243
In base 15, what is -8 + 1c971c?
1c9714
In base 16, what is -695b7c + 7?
-695b75
In base 5, what is 20320 + -113230010?
-113204140
In base 11, what is 5 - 500a959?
-500a954
In base 11, what is -881147 - 7?
-881153
In base 6, what is -4 + 325531405?
325531401
In base 4, what is 13 - -12133202332?
12133203011
In base 2, what is 10110 - -1001000111110001?
1001001000000111
In base 7, what is 6 - 531435143?
-531435134
In base 11, what is -375a - 4538?
-8197
In base 14, what is 3 + 54c4b2?
54c4b5
In base 12, what is -46028a - 7?
-460295
In base 10, what is -3 - 7255384?
-7255387
In base 13, what is -1a2750 + 6?
-1a2747
In base 3, what is 11112222 + -120212?
10222010
In base 2, what is 101011010100001 + 1?
101011010100010
In base 11, what is -2 - -44718a88?
44718a86
In base 12, what is -12071b + -25?
-120744
In base 15, what is -3a41a3 - -4?
-3a419e
In base 14, what is 20578d5 - -2?
20578d7
In base 9, what